{"id":37,"date":"2019-07-18T09:42:57","date_gmt":"2019-07-18T09:42:57","guid":{"rendered":"http:\/\/www.carocaleidoscope.com\/?page_id=37"},"modified":"2019-09-16T18:28:17","modified_gmt":"2019-09-16T18:28:17","slug":"about","status":"publish","type":"page","link":"https:\/\/www.carocaleidoscope.com\/?page_id=37","title":{"rendered":"about"},"content":{"rendered":"<p><a href=\"http:\/\/www.carocaleidoscope.com\/?page_id=239\" target=\"_blank\" rel=\"noopener noreferrer\"><span style=\"color: #808080;\">english version<\/span><\/a><\/p>\n<p>&nbsp;<\/p>\n<p style=\"text-align: left;\"><b>Vita und mein Weg zur Malerei<\/b><\/p>\n<p style=\"text-align: left;\">Jahrgang 1970, im Rheinland geboren. Als Tochter einer Kunsterzieherin war ich schon fr\u00fch mit Malerei, Grafik und Kunstgeschichte umgeben. Wie schon meine Mutter kritzelte und zeichnete ich seit ich einen Stift halten konnte. Das Fensterbrett in meinem Zimmer war vollgestellt mit Pflanzen und Kakteen.<span class=\"Apple-converted-space\">\u00a0<\/span><\/p>\n<p style=\"text-align: left;\">W\u00e4hrend der Schulausbildung entstanden kleine abstrakte Arbeiten mit schwarzer Tusche und erste \u00d6lbilder. Die S\/W Fotografie wurde zu einer weiteren Leidenschaft, im Keller des Hauses meiner Mutter durfte ich mir ein kleines Fotolabor einrichten.<\/p>\n<p style=\"text-align: left;\">Nach dem Abitur 1990 ging ich nach Berlin und studierte von 1990 bis 1991 Kunstgeschichte und Arch\u00e4ologie an der FU und TU Berlin. Ich belegte Zeichenkurse an beiden Universit\u00e4ten und besch\u00e4ftigte mich ebenfalls mit dem T\u00f6pfern. Auch in den kleinen Studentenwohnungen fand sich Platz f\u00fcr das Fotolabor.<\/p>\n<p style=\"text-align: left;\">Da mir die Kunstgeschichte zu vage und ein Kunststudium zu unsicher schien, schrieb ich mich 1991 f\u00fcr das Jurastudium als \u201eVernunftweg\u201c ein.<\/p>\n<p style=\"text-align: left;\">1996 absolvierte ich das erste Staatsexamen und arbeitete bis zum Referendariat in der \u00f6ffentlichen Verwaltung. In dieser Zeit entstanden weitere abstrakte \u00d6lbilder. 1999 legte ich das zweite juristische Staatsexamen am Kammergericht Berlin ab und arbeitete bis 2002 als Unternehmensjuristin.<span class=\"Apple-converted-space\">\u00a0<\/span><\/p>\n<p style=\"text-align: left;\">2005 zog ich mit meinem Ehemann nach D\u00fcsseldorf, wo ich zun\u00e4chst in einem Immobilienunternehmen t\u00e4tig war. Der Tod meines Vaters nach schwerer Krankheit im selben Jahr l\u00f6ste bei mir den Entschluss aus, dem Traum der freischaffenden Kunst zu folgen. 2007 gab ich schliesslich meinen \u201eBrotberuf\u201cauf und widmete mich der \u00d6lmalere\u00ed.<\/p>\n<p style=\"text-align: left;\">Neben abstrakter Malerei besch\u00e4ftigte ich mich mit Pflanzen- und Glasstudien und der Farbe Gr\u00fcn. Letzteres half mir, meine eigene Farbpalette zu erweitern. So entdeckte ich f\u00fcr mich zum Beispiel die Farbe Rosa und den Rot-Gr\u00fcn-Kontrast als farbliches Ausdrucksmittel. Parallel dazu entstanden elektronische Arbeiten mit Pflanzenstrukturen von digitalen Fotografien.<\/p>\n<p style=\"text-align: left;\">\u201eWenn die Farbe Tr\u00e4ger des Hauptausdruckes ist, muss die Komposition mit Farbflecken begonnen werden\u201c &#8211; dieser Satz von Johannes Itten (\u201eKunst der Farbe\u201c) gibt mir nach wie vor Ansporn und Verst\u00e4ndnis f\u00fcr meine eigene Bildgestaltung.<\/p>\n<p style=\"text-align: left;\">W\u00e4hrend etlicher Reisen in Europa und Asien studierte und fotografierte ich Pflanzen (Strukturen wie Blattadern und Muster), was sich jedoch indirekt in meinen Bildern niederschl\u00e4gt. Ausgangspunkt ist meist der emotionale Umgang mit der Farbe.<\/p>\n<p style=\"text-align: left;\">Nach Jahren intensiver Arbeit an Bildsprache und Technik musste ich meine Arbeit j\u00e4h unterbrechen. Von 2015 bis 2017 pflegte ich meine Mutter und begleitete sie bis zum Tod, um mich nachfolgend selbst mit einer schweren Krankheit auseinander zu setzen.<span class=\"Apple-converted-space\">\u00a0<\/span><\/p>\n<p style=\"text-align: left;\">Die Liebe zur Malerei half mir, auch diese Zeiten zu \u00fcberstehen und gibt mir die Ausdrucksm\u00f6glichkeiten, die Erfahrungen aus diesen Jahren zu verarbeiten.<\/p>\n<p style=\"text-align: left;\">Ich lade Sie ein, eine Auswahl meiner Arbeiten zu betrachten.<\/p>\n","protected":false},"excerpt":{"rendered":"<p>english version &nbsp; Vita und mein Weg zur Malerei Jahrgang 1970, im Rheinland geboren. Als Tochter einer Kunsterzieherin war ich schon fr\u00fch mit Malerei, Grafik und Kunstgeschichte umgeben. Wie schon meine Mutter kritzelte und zeichnete ich seit ich einen Stift halten konnte. Das Fensterbrett in meinem Zimmer war vollgestellt mit Pflanzen und Kakteen.\u00a0 W\u00e4hrend der [&hellip;]<\/p>\n","protected":false},"author":1,"featured_media":0,"parent":0,"menu_order":2,"comment_status":"closed","ping_status":"closed","template":"","meta":{"footnotes":""},"class_list":["post-37","page","type-page","status-publish","hentry"],"jetpack_shortlink":"https:\/\/wp.me\/Pbg4RF-B","jetpack_sharing_enabled":true,"_links":{"self":[{"href":"https:\/\/www.carocaleidoscope.com\/index.php?rest_route=\/wp\/v2\/pages\/37","targetHints":{"allow":["GET"]}}],"collection":[{"href":"https:\/\/www.carocaleidoscope.com\/index.php?rest_route=\/wp\/v2\/pages"}],"about":[{"href":"https:\/\/www.carocaleidoscope.com\/index.php?rest_route=\/wp\/v2\/types\/page"}],"author":[{"embeddable":true,"href":"https:\/\/www.carocaleidoscope.com\/index.php?rest_route=\/wp\/v2\/users\/1"}],"replies":[{"embeddable":true,"href":"https:\/\/www.carocaleidoscope.com\/index.php?rest_route=%2Fwp%2Fv2%2Fcomments&post=37"}],"version-history":[{"count":11,"href":"https:\/\/www.carocaleidoscope.com\/index.php?rest_route=\/wp\/v2\/pages\/37\/revisions"}],"predecessor-version":[{"id":488,"href":"https:\/\/www.carocaleidoscope.com\/index.php?rest_route=\/wp\/v2\/pages\/37\/revisions\/488"}],"wp:attachment":[{"href":"https:\/\/www.carocaleidoscope.com\/index.php?rest_route=%2Fwp%2Fv2%2Fmedia&parent=37"}],"curies":[{"name":"wp","href":"https:\/\/api.w.org\/{rel}","templated":true}]}}